of 20753508?
2, 3, 31, 47, 1187
What are the prime factors of 295145?
5, 59029
List the prime factors of 1321679.
1321679
What are the prime factors of 245187?
3, 1009
What are the prime factors of 10945324?
2, 13, 210487
List the prime factors of 1015650.
2, 3, 5, 37, 61
List the prime factors of 623215.
5, 124643
What are the prime factors of 2463803?
727, 3389
List the prime factors of 41311893.
3, 7, 503, 3911
What are the prime factors of 787120?
2, 5, 9839
What are the prime factors of 1031963?
53, 19471
What are the prime factors of 136158?
2, 3, 11, 2063
What are the prime factors of 1222206?
2, 3, 31, 6571
List the prime factors of 2391556.
2, 597889
List the prime factors of 68842.
2, 34421
What are the prime factors of 142253?
19, 7487
List the prime factors of 3880432.
2, 29, 8363
List the prime factors of 199768.
2, 24971
List the prime factors of 6479092.
2, 1619773
What are the prime factors of 783581?
17, 46093
What are the prime factors of 825093?
3, 30559
What are the prime factors of 1228468?
2, 31, 9907
What are the prime factors of 2875194?
2, 3, 7, 19, 1201
What are the prime factors of 2765815?
5, 13, 17, 2503
List the prime factors of 1422188.
2, 19, 18713
List the prime factors of 4234845.
3, 5, 103, 2741
List the prime factors of 2661649.
29, 91781
What are the prime factors of 5892610?
2, 5, 79, 7459
List the prime factors of 372098.
2, 186049
What are the prime factors of 756722?
2, 378361
What are the prime factors of 922687?
277, 3331
List the prime factors of 6278508.
2, 3, 17, 10259
List the prime factors of 903750.
2, 3, 5, 241
What are the prime factors of 328702?
2, 11, 67, 223
List the prime factors of 297169.
297169
What are the prime factors of 99825?
3, 5, 11
What are the prime factors of 168790?
2, 5, 16879
List the prime factors of 1482626.
2, 23, 167, 193
What are the prime factors of 674183?
674183
What are the prime factors of 30763322?
2, 1571, 9791
List the prime factors of 7373706.
2, 3, 1228951
List the prime factors of 4417677.
3, 11, 44623
List the prime factors of 89823.
3, 79, 379
List the prime factors of 2791981.
2791981
What are the prime factors of 44661?
3, 14887
What are the prime factors of 13616?
2, 23, 37
What are the prime factors of 2677946?
2, 937, 1429
What are the prime factors of 11758561?
239, 49199
What are the prime factors of 86215?
5, 43, 401
List the prime factors of 154502.
2, 67, 1153
List the prime factors of 538514.
2, 269257
List the prime factors of 451017.
3, 7, 7159
What are the prime factors of 21411953?
21411953
What are the prime factors of 132455?
5, 59, 449
List the prime factors of 661760.
2, 5, 11, 47
List the prime factors of 883778.
2, 7, 63127
List the prime factors of 2411728.
2, 11, 71, 193
List the prime factors of 507378.
2, 3, 103, 821
What are the prime factors of 196895?
5, 53, 743
What are the prime factors of 2141194?
2, 11, 97327
List the prime factors of 5503533.
3, 7, 29, 1291
List the prime factors of 17379492.
2, 3, 13, 37, 3011
List the prime factors of 2671553.
347, 7699
What are the prime factors of 1786217?
1786217
What are the prime factors of 1807444?
2, 41, 103, 107
List the prime factors of 5709992.
2, 577, 1237
List the prime factors of 1947569.
13, 37, 4049
List the prime factors of 10052008.
2, 107, 11743
List the prime factors of 32420.
2, 5, 1621
What are the prime factors of 418308?
2, 3, 11, 3169
List the prime factors of 318885.
3, 5, 7, 3037
List the prime factors of 11460003.
3, 23, 307, 541
List the prime factors of 29384439.
3, 7, 149, 9391
What are the prime factors of 4804176?
2, 3, 13, 7699
List the prime factors of 5822801.
37, 241, 653
What are the prime factors of 260511?
3, 86837
List the prime factors of 1297911.
3, 432637
What are the prime factors of 828090?
2, 3, 5, 3067
What are the prime factors of 432239?
23, 18793
What are the prime factors of 5294046?
2, 3, 19, 46439
List the prime factors of 595946.
2, 13, 22921
What are the prime factors of 137554?
2, 68777
What are the prime factors of 563199?
3, 7, 13, 2063
List the prime factors of 446905.
5, 89381
What are the prime factors of 188280?
2, 3, 5, 523
List the prime factors of 274018.
2, 19, 7211
What are the prime factors of 1970627?
1970627
What are the prime factors of 6136334?
2, 1039, 2953
What are the prime factors of 23922318?
2, 3, 7, 569579
List the prime factors of 8809.
23, 383
What are the prime factors of 1236239?
1236239
List the prime factors of 20798396.
2, 31, 167729
What are the prime factors of 1975618?
2, 987809
What are the prime factors of 2154818?
2, 17, 63377
What are the prime factors of 1869039?
3, 207671
What are the prime factors of 1423994?
2, 11, 13, 383
What are the prime factors of 8982816?
2, 3, 137, 683
What are the prime factors of 19725778?
2, 257, 38377
List the prime factors of 353823.
3, 59, 1999
List the prime factors of 564839.
11, 51349
List the prime factors of 332765.
5, 66553
List the prime factors of 38339.
7, 5477
What are the prime factors of 13744699?
59, 232961
What are the prime factors of 101595?
3, 5, 13, 521
List the prime factors of 532831.
13, 17, 2411
List the prime factors of 10169954.
2, 47, 108191
List the prime factors of 375882.
2, 3, 13, 61, 79
List the prime factors of 392076.
2, 3, 10891
What are the prime factors of 3557310?
2, 3, 5, 283, 419
What are the prime factors of 1570193?
1570193
List the prime factors of 167105.
5, 19, 1759
List the prime factors of 1751625.
3, 5, 173
List the prime factors of 78366.
2, 3, 37, 353
What are the prime factors of 853188?
2, 3, 7, 1451
List the prime factors of 3284490.
2, 3, 5, 11, 37, 269
What are the prime factors of 410468?
2, 89, 1153
What are the prime factors of 258896?
2, 11, 1471
List the prime factors of 341422.
2, 170711
What are the prime factors of 19580105?
5, 3916021
List the prime factors of 8275895.
5, 1655179
List the prime factors of 168580.
2, 5, 8429
What are the prime factors of 234954?
2, 3, 19, 229
What are the prime factors of 286091?
13, 59, 373
What are the prime factors of 11595826?
2, 11, 193, 2731
List the prime factors of 8117572.
2, 71, 101, 283
What are the prime factors of 21287310?
2, 3, 5, 11, 251, 257
What are the prime factors of 275977?
13, 23, 71
List the prime factors of 601433.
7, 151, 569
List the prime factors of 220158.
2, 3, 151
List the prime factors of 150899.
7, 21557
List the prime factors of 3142922.
2, 1571461
List the prime factors of 31805680.
2, 5, 379, 1049
What are the prime factors of 744791?
744791
List the prime factors of 300343.
300343
What are the prime factors of 178583?
107, 1669
What are the prime factors of 8940808?
2, 1117601
List the prime factors of 1490902.
2, 7, 109, 977
What are the prime factors of 7676709?
3, 733, 3491
What are the prime factors of 24331545?
3, 5, 7, 77243
What are the prime factors of 1197027?
3, 13, 787
List the prime factors of 229669.
11, 20879
List the prime factors of 10797996.
2, 3, 11, 179, 457
What are the prime factors of 655794?
2, 3, 36433
What are the prime factors of 772738?
2, 386369
List the prime factors of 1423.
1423
What are the prime factors of 1114035?
3, 5, 13, 29, 197
What are the prime factors of 478763?
478763
List the prime factors of 4060905.
3, 5, 97, 2791
What are the prime factors of 241627?
47, 53, 97
List the prime factors of 10924386.
2, 3, 11, 103, 1607
What are the prime factors of 626470?
2, 5, 13, 61, 79
List the prime factors of 565180.
2, 5, 7, 11, 367
What are the prime factors of 8900826?
2, 3, 11, 17, 7933
List the prime factors of 1699403.
43, 39521
What are the prime factors of 398970?
2, 3, 5, 11, 13, 31
What are the prime factors of 163025?
5, 6521
What are the prime factors of 438432?
2, 3, 4567
What are the prime factors of 37404?
2, 3, 1039
List the prime factors of 901596.
2, 3, 75133
List the prime factors of 30789971.
30789971
List the prime factors of 77475.
3, 5, 1033
What are the prime factors of 1252950?
2, 3, 5, 8353
What are the prime factors of 27038482?
2, 19, 711539
List the prime factors of 545669.
41, 13309
What are the prime factors of 4783077?
3, 13, 13627
What are the prime factors of 942943?
942943
What are the prime factors of 423174?
2, 3, 70529
List the prime factors of 733528.
2, 9169